 b be 2 + -2 + 79 + -1. Calculate the greatest common factor of c and b.
26
Let f(z) = 3*z**3 + 3*z**2 - z - 1. Let g be f(2). Let t(q) = q**2 + 3*q - 6. Let s be t(-7). Calculate the highest common divisor of g and s.
11
Let l(j) = -j + 1. Let z be l(4). Let r = -1 - z. Suppose -2*k = -3 - 1. Calculate the greatest common factor of k and r.
2
Let r = 9 + -5. Let z be r/22 - 344/(-44). Calculate the greatest common factor of 12 and z.
4
Suppose 0*h = 2*h. Let b be (-2)/6*-3 - h. What is the highest common factor of 4 and b?
1
Let v = 21 + -17. Let u = 3 + v. What is the highest common divisor of 7 and u?
7
Let w be (0 - -18) + (-26)/13. Let f be (-1)/2 + (-10)/(-4). Calculate the greatest common divisor of f and w.
2
Suppose -c - 2*c = -5*y, 0 = 3*c - 2*y + 9. Let w = c + 8. Suppose -5*g - w*i = -312, -5*i + 209 = 4*g - 51. Calculate the highest common divisor of g and 15.
15
Let i(p) = p**3 + 6*p**2 - 2*p - 5. Let b(l) = l + 6 - 12 - 2*l. Let q be b(0). Let a be i(q). Calculate the greatest common divisor of a and 63.
7
Let h be -1 + -40 + -1*2. Let m = h + 82. Let v be (2/(-4))/(1/(-26)). Calculate the highest common factor of v and m.
13
Let f be 40/(-56) - (-2)/(-7). Let l = f + 16. Calculate the greatest common divisor of 75 and l.
15
Suppose 0*z - 72 = -2*z. Suppose 0*t = -2*t + z. What is the highest common divisor of 162 and t?
18
Let x(r) = 6*r**2 + 7*r + 9. Let h be x(-3). Calculate the highest common factor of 105 and h.
21
Suppose 0 = -0*s + s - 6. Suppose -4*v + 5 + 14 = f, 0 = -f + 4*v - 13. Calculate the highest common factor of f and s.
3
Let f = -5 - 4. Let w be (f/(-3))/((-6)/(-4)). Let h = w - -6. What is the highest common divisor of 32 and h?
8
Let f(v) = 3*v - 4. Let n be f(4). Let z be (394/3)/(6/9). Let b = 285 - z. What is the greatest common factor of b and n?
8
Let a(u) = -u**2 + 8*u + 1. Let n be a(7). What is the highest common divisor of 28 and n?
4
Let b(u) = u**2 + 7*u + 7. Let h be b(-6). Suppose 5*p - 38 = -0*p - g, 0 = p - 4*g + 5. Calculate the highest common divisor of p and h.
1
Suppose -d - 4*m - 12 = -0*m, -5*d + 20 = 4*m. Suppose 2*y - 10 = d. Calculate the greatest common divisor of 3 and y.
3
Let d(v) = -v + 7. Let t be d(5). Suppose t*x = 3*x - 10. Let k = 15 + -5. Calculate the greatest common factor of k and x.
10
Suppose -5*z + i + 200 + 126 = 0, -5*z = i - 334. Let y = -40 + z. What is the highest common divisor of 26 and y?
26
Let u be (-2*9/6)/(-1). Suppose -u*o = -0*o - 87. Suppose -2*s - 3 = -o. What is the highest common divisor of 117 and s?
13
Suppose 4*v = 3*v + 3*i + 24, -5*v + 80 = -5*i. What is the highest common divisor of 24 and v?
12
Let v be (0 - 2)*63/(-6). What is the highest common factor of 3 and v?
3
Suppose -9*q = -7*q - 18. Calculate the greatest common factor of q and 63.
9
Let s(p) = p**2 - 7*p + 4. Let v be s(8). Suppose 0 = 2*f + 3*y + 4, 7*f = 6*f + 2*y + v. What is the highest common divisor of 6 and f?
2
Let m(d) = -d - 7. Let c be m(-4). Let a(p) = -4*p - 4. Let f be a(c). What is the greatest common divisor of 4 and f?
4
Suppose -4*o + 76 = -164. What is the highest common factor of o and 60?
60
Let q(l) = 5*l**2 - 6*l - 2. Let x = 6 - 0. Let r be q(x). Let p = -87 + r. What is the greatest common divisor of 5 and p?
5
Suppose 3*p - 160 = -7*p. Let x = 75 - 43. Calculate the greatest common factor of p and x.
16
Suppose 4 = o - 1. Suppose 0*y + 2 = h - 3*y, -5*h = -o*y - 10. Calculate the highest common divisor of 2 and h.
2
Suppose -k - t = -0*t - 36, 2*k = 3*t + 92. Let q be (-3 + 0)*400/(-12). Calculate the greatest common factor of k and q.
20
Suppose -331 = -3*b - 2*n - 106, 5*b + 5*n = 375. Suppose -5*q - 2 = 13. Let t be 9 + 9 - q/(-1). What is the highest common factor of b and t?
15
Suppose 6*m - 360 = m. Let j(r) = r + 15. Let k be j(-6). What is the highest common factor of m and k?
9
Let q = -316 + 444. Let n(w) = -w**3 - 5*w**2 + 3*w - 2. Let h be n(-6). Calculate the greatest common factor of q and h.
16
Let b be (81/(-2))/((-39)/(-12) + -4). What is the highest common divisor of b and 135?
27
Let k be 6/4*(-100)/(-30). Let v be 6 - k - 2*-9. Let f be -3 + 2 - -1 - -38. Calculate the greatest common factor of v and f.
19
Let o = 175 - 124. Let a = -36 + 53. Calculate the greatest common divisor of a and o.
17
Let d(r) = r + 5. Let u be d(8). Let y = 31 - u. What is the highest common divisor of 6 and y?
6
Let j be -3 + -4 + 3 - -38. Calculate the greatest common factor of 85 and j.
17
Suppose 3*z + z - 2 = 2*l, l - 20 = -5*z. Let q be 195/9 + 4/(-6). What is the greatest common factor of z and q?
3
Suppose -3*p + 1 = -2*p. Let v be ((-9)/15)/(p/(-15)). What is the highest common divisor of 27 and v?
9
Let z be (-1)/(-5) + (-4770)/(-150). What is the highest common divisor of 128 and z?
32
Suppose -4*s - s = -3*y - 293, 2*y - 172 = -3*s. Calculate the greatest common divisor of s and 29.
29
Let n be 2/4*(10 + -12) - -15. What is the highest common divisor of 56 and n?
14
Let j = 4 + -3. Calculate the greatest common divisor of j and 9.
1
Let u = 552 - 224. Calculate the greatest common factor of u and 41.
41
Suppose 185 + 116 = 2*c - 5*i, -5*c + 766 = i. Calculate the greatest common divisor of 9 and c.
9
Suppose -48 = -a - 0*a + 5*h, 0 = 5*a + 4*h - 124. Let m = 9 - 17. Let i be (m/(-12))/(2/21). What is the highest common divisor of a and i?
7
Let y = 3 + -8. Let j = 0 - y. Let p be (j/(-4))/(6/(-24)). What is the highest common divisor of p and 20?
5
Let r be 6/21*7 + 5. Calculate the greatest common divisor of 91 and r.
7
Let n = -52 + 88. Suppose 4*o = -b + n, 3*o + 24 = 2*b - o. Let i be 60/((-4)/6 + 1). What is the highest common divisor of b and i?
20
Let v(k) = -5*k + 2. Let w be v(-8). Let u be (-6)/9 + (92/(-6))/(-2). Calculate the highest common divisor of w and u.
7
Let p(i) = i**2 + 4*i - 3. Let w = 5 + -11. Let h be p(w). Calculate the highest common factor of 18 and h.
9
Suppose 8*l + 18 = 9*l. Let m(j) = -4*j + 1. Let g be m(-2). What is the highest common divisor of g and l?
9
Let n = -86 + 102. What is the greatest common divisor of n and 112?
16
Let o(b) = -b**3 + 6*b**2 + 4. Let j be o(6). Suppose -5*x + 119 = -j*y - 140, y = 3*x - 154. What is the highest common factor of x and 34?
17
Suppose -3*o + 15 = -3*j, 5*o - 2*j = -6*j - 20. Let d = 2 - o. Let a = 1 - 0. What is the greatest common divisor of d and a?
1
Let j = -16 - -32. Calculate the highest common factor of 80 and j.
16
Let a be (-145)/(-25) - 4/5. Suppose 3*s = -a*c - s + 655, -3*s - 555 = -4*c. What is the greatest common divisor of c and 54?
27
Suppose 4*f = 5*w - 1, 0 = 5*w - 0*w + f - 6. Calculate the greatest common factor of 1 and w.
1
Let t = 13 + 2. Let k = 417 + -312. What is the highest common divisor of t and k?
15
Let s(d) = -2*d**3 + 15*d**2 + 10*d + 4. Let c be s(8). Calculate the greatest common factor of 8 and c.
4
Let d = 14 + -13. Let n be (1 - (-2 + -3))/d. Calculate the highest common factor of 6 and n.
6
Suppose 4*x + 18 = 2*t + 48, x - 2*t = 9. Let r(g) = 2*g + 2. Let l be r(x). What is the greatest common factor of l and 2?
2
Let j(o) = o**2. Let a be j(1). Suppose -2*v = -5*t - 5, 4*v + 4*t = 8*v - 28. Let c be a*-5*v/(-25). Calculate the highest common divisor of 1 and c.
1
Let c = 59 + -56. What is the greatest common divisor of 3 and c?
3
Suppose 160 + 25 = 5*z - 5*x, 5*x = -20. What is the greatest common factor of z and 3?
3
Let n be -321*1/(6/4). Let d = 8 - n. Let t = d - 142. Calculate the greatest common factor of t and 10.
10
Let c = -35 + 90. Let u(f) = 6*f**2 - 4*f + 1. Let d be u(4). Let a = d - c. Calculate the greatest common factor of 39 and a.
13
Let x(o) = 11*o - 2. Let a be x(2). Let d = a + 5. What is the highest common factor of 5 and d?
5
Let a(y) = -16*y - 1. Let j be a(-1). Suppose 0 = 5*o - 0*o. Suppose 5*k - 18 = -3*c + 2*c, -c - k + 6 = o. Calculate the highest common factor of j and c.
3
Suppose 5*j - 31 = -3*k, k - 2*k + 21 = 3*j. Suppose -j = -3*v + v. Calculate the highest common divisor of v and 6.
2
Let s(l) = l**3 + 6*l**2 + 7*l + 4. Suppose 10 = 4*d + d. Suppose -7*q = -d*q + 20. Let o be s(q). What is the highest common divisor of 8 and o?
8
Let k = -158 + 293. Let c be (30/(-10))/(1/(-5)). Calculate the g